 5*o. Suppose -f = 5*p - 4, -p - 4*f + 16 = 2*p. Suppose b + 3*b - h - 20 = p, 5*b + 4*h = 4. Let s be 2/b*4/2. What is w(s)?
5
Let l(g) = -19*g**2 - 22*g**2 - 4 + 40*g**2. Let t(a) = -a**2 + 8*a - 7. Let d be t(7). What is l(d)?
-4
Let z(m) = m**2 - 6*m + 6. Let f(v) = v**3 + 10*v**2 - 2*v - 14. Let d(k) = 3*k + 23. Let r be d(-11). Let w be f(r). Calculate z(w).
6
Let z(r) = -r**2 + 7*r - 10. Let m(b) be the first derivative of 2*b**2 + 103*b + 57. Let j be m(-24). Calculate z(j).
-10
Let x(w) = -w**3 - 7*w**2 + w - 2. Let h be x(-7). Let d be (-1)/2*54/h. Let c(s) = d*s - 8 + 0 + s - 3*s. What is c(6)?
-2
Let x(a) = 5*a + 8. Suppose -16 + 76 = 15*h. Calculate x(h).
28
Let k(h) = -2*h**3 - 4*h**2 + 3*h + 2. Let q(n) be the third derivative of -n**6/120 + n**3/6 + 23*n**2. Let t(f) = k(f) - 3*q(f). Give t(3).
-1
Let r(w) = 3*w**3 + 3*w**2 - 4*w + 2. Let b(i) = -i**3 - i**2 + i + 1. Let j(f) = 4*b(f) + r(f). Give j(0).
6
Let z(b) = 5*b**2 + 46*b + 19. Let v(o) = 3*o - 35. Let h be v(8). Let l(x) = -x**2 - 9*x - 4. Let j(c) = h*l(c) - 2*z(c). Give j(-5).
-4
Let x(y) = 0*y - 3*y + 4*y - 1. Let k be x(4). Suppose 0 = 3*g - 4*v - k, 0 = 2*g + 5*v - 2. Let z(c) = -4*c**2 + c. Give z(g).
-3
Let d be (-3 + -1)*(2 - 5/2). Let c(i) = -27*i**3 + 1 + 4*i**d + 7*i + 15*i**3 + 11*i**3. Let z be -1*-2*2 - -1. What is c(z)?
11
Suppose -3*n = 26*k - 28*k - 11, k = -3*n + 17. Let o(h) be the first derivative of 3/2*h**2 + h - k + 1/3*h**3 + 1/4*h**4. Calculate o(-2).
-9
Let s(o) = 28*o - 2. Let z(b) = 50*b - 5. Let d(m) = 5*s(m) - 3*z(m). What is d(2)?
-15
Let b(j) = -14*j. Suppose -2*q - 3 = 19. Let g(l) = -27*l. Let y(h) = q*b(h) + 6*g(h). Give y(-1).
8
Let x be 27/18 + (-3)/(-2). Let n(g) = 8 + 5*g**3 + x*g + 3*g - 8*g**2 - 4*g**3. Determine n(7).
1
Let m(s) = -6*s**3 - 3*s**2 + 2*s + 1. Let o(q) = q. Let g(l) = m(l) - 3*o(l). Determine g(-2).
39
Let n(b) = -b**2 + b - 7. Let j be n(0). Let a be (-1 + -1)*(-12)/8. Let d = a + j. Let y(v) = v**3 + 3*v**2 - 3*v + 5. Give y(d).
1
Let a(i) = i + 4. Let d = 162 - 153. Give a(d).
13
Let z(q) = -q**3 + 11*q**2 - 7*q - 32. Let n be z(10). Let l(u) = 3*u**2 - 2*u + 1. Calculate l(n).
17
Let y(r) = -r**3 - 5*r**2 + 5*r + 5. Let g be -1*(19 - 8 - 6). What is y(g)?
-20
Let d = -61 + 145. Suppose -d*z = -87*z + 15. Let m(j) be the second derivative of j**4/12 - j**3/3 - 5*j**2/2 - j. Calculate m(z).
10
Let g(q) = -3*q - 3*q + 10 - 2*q + q**2. Suppose -s - 4*z = 20, 2*s - 3*z = -0 + 15. Suppose s = -4*p + 5*m + 38, 5*p - 18 = p - 5*m. Give g(p).
3
Suppose k - 2*k = -4. Let y(n) = k*n - 1 - 4*n + 4*n. Let v = -2 - 0. Give y(v).
-9
Let m(l) = 3*l**2 + 2. Suppose 19*i - 92 = -35. Give m(i).
29
Let r(n) be the third derivative of -n**5/60 - n**4/6 - n**3/2 - 80*n**2. Calculate r(-6).
-15
Let g = 24 + -9. Let w(x) = x - 13. Let p be w(g). Let n(v) = 2*v**3 - v**2 + v + 1. What is n(p)?
15
Let b(i) = 2*i**2 - 4*i**2 + 3*i**2. Suppose 0 = r + 2*z - 4 - 8, 0 = 5*r + 3*z - 32. Let g(p) = 5*p**2 + 1. Let o(v) = r*b(v) - g(v). Give o(-2).
-5
Suppose 27*t + 30 = 21*t. Let s(r) = 3*r + 19. What is s(t)?
4
Suppose 3*l + g = -3*g + 2, -2*l - g + 3 = 0. Suppose 3 = l*o + o. Suppose -4*w = -7 - o. Let y(n) = 2*n**2 - n. Determine y(w).
6
Let k be -4 + (17 - 6/(-2)). Suppose 0 = -w - 3*w - k. Let o(x) = x**2 + 2*x - 5. Let b be o(w). Let i(r) = -r**3 + 2*r**2 + 4*r - 4. Give i(b).
-1
Let q = -3/67 - -475/134. Let t(i) be the first derivative of i - q*i**2 - 1/4*i**4 + 4 - 8/3*i**3. Calculate t(-7).
1
Let y(a) = a**3 - a - 1. Let m(d) = -5*d**3 - 4*d**2 + 2. Let s(x) = m(x) + 4*y(x). Let n be s(-3). Let j(q) = -4*q + 1. What is j(n)?
-3
Let a = 9 - 13. Let w(j) be the second derivative of j**3/6 + 3*j**2 - 4*j - 83. What is w(a)?
2
Let w be (-18)/(-8) - 13/52. Let v be (11 + -1)*1/w. Let d(u) be the second derivative of -2*u**3/3 + 5*u**2/2 + u. What is d(v)?
-15
Let b(x) be the second derivative of -x**4/12 - 2*x**2 + 1078*x. Suppose 0 = -6*r + 4*r. Determine b(r).
-4
Let w(c) = -2*c + 6. Suppose 22 = 2*y + 2*r, -r = -5*y + 10 + 75. Suppose -3*p - 1 = -z + 3, 0 = -4*z + 4*p + y. Calculate w(z).
-2
Let d be (78/12)/13 - 5/(-2). Let c(p) = -5 + 4*p + 2*p**d - 4*p**3 - 5*p**3 + 6*p**3 - 5*p**2. Let l = 1 + -7. Give c(l).
7
Let d(h) be the second derivative of h**3/6 + 5*h**2/2 - 9*h. Let a = 18 - 28. What is d(a)?
-5
Let d(k) = k**2 - 6*k + 2. Suppose -2 = -11*t + 53. What is d(t)?
-3
Let p(q) = -q - 5. Let s(o) = 4*o + 4. Let x(g) = 3*p(g) + s(g). Let a(u) = 2*u**2 - 2*u - 3. Let d be a(3). Determine x(d).
-2
Let t be (126/70)/(2/10). Let i = -5 + t. Suppose 5*h + 15 = -i*l, -25 = 4*l + l. Let d(a) = 9*a**3 - 2*a**2 + a. Calculate d(h).
8
Let o(r) = -4*r - 30. Suppose n + 9*q - 13 = 5*q, -5*q + 25 = 0. What is o(n)?
-2
Suppose 14 + 13 = 3*t + 4*h, t - 2 = h. Let w(d) be the second derivative of d**4/12 - 2*d**3/3 + 3*d**2/2 - 65*d. Determine w(t).
8
Let w(u) = u**2 - 2*u - 4. Let n(g) = g**2 + g + 1. Let m(r) = 3*n(r) + w(r). Let i be m(1). Let o(c) = -c**3 + 5*c**2 - 7*c + 6. Calculate o(i).
-6
Let t(x) be the third derivative of -x**4/3 - 7*x**3/6 - 46*x**2. Calculate t(-6).
41
Suppose -7*b - 29 = -12*b + c, 5*c = 3*b - 13. Let l(z) = -z**3 + 5*z**2 + 4*z + 5. What is l(b)?
-7
Let u(s) = 93*s + 2 - 48*s - 48*s - s**2. Calculate u(2).
-8
Suppose 5*h + s - 77 = -4, -2*h + 26 = 2*s. Let p = 22 - h. Let l(i) = -i**3 + 7*i**2 + 2*i - 10. What is l(p)?
4
Let h(j) = -j**3 - 12*j**2 - 10*j + 4. Let t(d) = -d**3 - 25*d**2 - 21*d + 61. Let g be t(-24). Determine h(g).
-7
Let x(s) = -s**2 + s + 16. Let w be (2 + -2)*(-11)/44*-4. Determine x(w).
16
Let y(k) be the second derivative of k**4/6 + k**3/6 - k**2 - k. Let x be 0 + 0/((-12)/4). Suppose -z - 3*z + 8 = x. What is y(z)?
8
Suppose -2*z + 5*l = 7, 0 = 3*l + 5 - 2. Let a(u) = u**2 + 7*u + 9. Give a(z).
3
Let s = 30 - 21. Suppose 3*v = -0*v + s. Let d(f) = 1 - 2*f + 2*f**2 + f + v*f. What is d(-2)?
5
Let d be (-6)/(-2) - (1 - (-3 - -7)). Suppose 1 = 4*h - 19. Let t(c) = 7 - h*c**2 - 4*c + 0*c**2 + c**3 - 3*c. Give t(d).
1
Let r(t) = t - 1. Let l = -27 + 28. Let j(k) = 3*k + 5. Let o(n) = l*j(n) - 2*r(n). Give o(-6).
1
Let y(w) = -2*w + 9. Let k(q) = 7*q - 67. Let u be k(23). Let o = u - 90. Determine y(o).
1
Let w be 76/28 - 4/(-14). Suppose 3*c + c + 9 = 3*i, 2*c = -w*i + 27. Suppose -i*x = -4*x. Let f(u) = u**3 - u**2 + 4. Calculate f(x).
4
Let a(t) = -t**2 + t. Suppose -m + 77 = 2*m - r, -m + 2*r = -34. Suppose m - 4 = l. Suppose -l = 5*z + 3*y + 2*y, -8 = -2*z + 2*y. Give a(z).
0
Let s(w) = -7*w - 2. Suppose -u = -2*r + r, -2*r = 3*u - 15. Calculate s(r).
-23
Let l be 3 - 0 - 0/1. Let x(s) = 3 + s + 0*s + 0*s - 1 - 6. What is x(l)?
-1
Let y(h) be the first derivative of -h**3/3 - 3*h**2 - 3*h - 6. Let v = 37 + -44. Determine y(v).
-10
Let f = 172 + -167. Let p(w) = -w**3 + 3*w**2 + 10*w - 1. Calculate p(f).
-1
Let i(w) = -4*w + 15. Let o(x) = -x + 5. Suppose 0 = 4*z - 11 + 3. Let q(a) = z*i(a) - 7*o(a). Calculate q(-4).
-1
Let z(w) be the second derivative of -w**7/2520 - 7*w**6/720 - w**5/12 + 2*w**4/3 - 24*w. Let o(t) be the third derivative of z(t). Give o(-7).
-10
Let d(q) be the third derivative of q**5/60 - q**4/8 + 5*q**3/6 - 14*q**2. Give d(5).
15
Let o(c) = 0*c**2 - c**2 - 2 + 48197*c - 1 - 48190*c. Determine o(7).
-3
Let x(h) be the third derivative of 5/3*h**3 - 1/60*h**5 + 3*h**2 - 1/6*h**4 + 0 + 0*h. Calculate x(-7).
-11
Let k(x) be the first derivative of -x**2/2 - 2*x - 25. Let f(p) = -2*p - 2. Let b(d) = -4*f(d) + 3*k(d). Calculate b(-2).
-8
Let n(z) = 15*z**3 - z**2 + z. Let o be -2*(-6 - (-44)/8). Determine n(o).
15
Let w(q) = -q**3 + 3*q**2 + 2*q. Let c(r) = 5*r**3 - 11*r**2 - 8*r - 3. Let t(y) = c(y) + 4*w(y). Let k be (-6)/(-9) + 4/(-6). Calculate t(k).
-3
Let w be 20/6 - 10/30. Suppose -2*d + 5*t + w - 8 = 0, 3*t - 3 = -4*d. Let c(b) = -b**2 + b - 5. What is c(d)?
-5
Suppose 5*h = -3*h - 8. Let q = -11 - -9. Let c = q - h. Let i(w) = 2*w - 1. What is i(c)?
-3
Let p(b) = -11*b + 21. Let j(w) = 5*w - 10. Let x(v) = -13*j(v) - 6*p(v). Let u be -3 + (-15)/20*-4. Suppose 15*k - 16*k - 5 = u. Determine x(k).
-1
Suppose -23*l = 3*l. Let o(n) = n**2 - 22. What is o(l)?
-22
Let r = -44 + 52. Let l(c) = -2*c + 13. What is l(r)?
-3
Let g = -38 - -40. Suppose -3*c = 5*a + 16, 3*